ber?
False
Let a = -54137 - -123198. Is a a prime number?
True
Let h(w) = -48*w**3 - 5*w**2 + 7*w - 4. Let l be h(-5). Is (51/34)/(2/l) + -4 composite?
False
Suppose t - 3*v = 244937, -57*v + 52*v = -2*t + 489876. Is t composite?
False
Let t(h) = -4*h + 43. Let v be t(9). Is (6/4 + -1)/(v/5306) composite?
False
Is (-15 + (-2715426)/(-36))/(2/4*1) prime?
True
Suppose 225*x - 3224333 - 564460 = 216*x. Is x a composite number?
False
Suppose 23*j = 19*j - 2*d + 8, 4*d = -3*j - 4. Suppose -j*s - 1226 = -2*c, -3*c = 3*s + 252 - 2136. Is c a prime number?
False
Suppose 0*p - 12*p = -126972. Let h = p - 5265. Suppose 4*f - h = -0*f. Is f prime?
False
Suppose -2*y + 801 + 985 = 0. Let s = y + -353. Let z = -329 + s. Is z a composite number?
False
Let d = 2266638 - 1598609. Is d prime?
True
Suppose -23*z + 26*z - 111 = 0. Suppose -42*b + z*b + 73400 = 0. Is (b/50)/((-2)/10*-2) prime?
False
Let o(j) = -5*j**3 - 4*j**2 - 11*j - 1. Let p be o(-5). Suppose -p - 1546 = -5*k. Suppose -5*d - k + 2030 = 0. Is d prime?
False
Is 47/(-141)*(-1076703 + 0) a composite number?
False
Let b = 9117331 - 5797933. Is b/102 + (-4)/34 a composite number?
True
Suppose 51*f = 60*f - 378. Suppose -35755 = f*w - 47*w. Is w prime?
True
Let r(q) = -132*q**3 + 5*q**2 - 27*q + 23. Is r(-8) a prime number?
False
Suppose 8810 = -d - 1039. Let h = -4466 - d. Is h a composite number?
True
Suppose -5*z = -2*a + 415841, -z = 4*a - 130647 - 701046. Is a prime?
True
Suppose 0 = 4*n + 24, -o - 58025 = 3*n - 237280. Is o prime?
False
Is 2/3 + 13 + (-1025952)/(-18) a composite number?
True
Let i = 32544 + -18037. Is i a prime number?
False
Let t(l) be the first derivative of 47*l**3/2 - 11*l**2/2 - l + 7. Let x(i) be the first derivative of t(i). Is x(8) composite?
False
Suppose 2*a - 6 = -4*r, -1 + 8 = 2*a + 3*r. Suppose 5*h = -3*n - 0*n - 14, 5*h = -a. Is (n/6 + 0/(-4))*-6946 composite?
True
Let r(m) = -10*m**3 - 51*m**2 + 30*m + 87. Is r(-18) composite?
True
Suppose -19*a + 746279 + 1329711 = 149827. Is a a prime number?
True
Suppose 4*u + 4*h - 47264 = 68112, -3*u = -2*h - 86507. Is u composite?
True
Suppose -4*c = -f - 4402 + 20801, 65674 = 4*f - 3*c. Is f a composite number?
True
Let x(m) = m**2 - 8*m + 8. Suppose 0*d = -d - 5*u + 1, -4*d = 5*u - 19. Let a be x(d). Is ((-12318)/12)/((2/a)/1) a composite number?
False
Let s = 379774 - 219417. Is s composite?
False
Is (-147)/(-21) + (-14209860)/(-21) a prime number?
False
Let a = 784 + -777. Is 4*46 + (26 + -5)/a prime?
False
Let n(a) = a**3 + 34*a**2 - 31*a + 31. Let p(l) = l**3 + 36*l**2 - 31*l + 32. Let x(d) = -5*n(d) + 6*p(d). Is x(-45) composite?
False
Let a(o) = 2*o**2 + 19*o - 10. Let w be a(-10). Suppose 5*h + 0*h + 2105 = w. Let x = h - -1328. Is x a composite number?
False
Suppose -1292 = w - 5*w. Let h = 156 - 11. Let o = w - h. Is o a prime number?
False
Suppose 4*n - 6 = 5*u, 0 = -0*u + u + n + 3. Is 5 - 4/u*-8069*-1 a prime number?
False
Suppose 2 = p, 3*l - 86371 = 19*p - 21*p. Is l a composite number?
False
Is 13*22/3289 - 2727131/(-23) composite?
False
Suppose -7*w + 3*w + 2*d = 14, 0 = -3*w - 3*d - 6. Is -3*((-44808)/(-27)*w - 1) a composite number?
False
Let k(t) = -38122*t + 459. Is k(-1) composite?
True
Let b = -55 + 60. Let j(m) = -138*m + 29. Let h be j(-11). Suppose -i = -2*l + b*l - h, l - 1541 = -i. Is i composite?
True
Suppose -n = 5*p - 189677 - 1090716, -4*p - 5*n = -1024306. Is p composite?
False
Suppose -2*h + 4*h - 4 = 0. Suppose -4*n = f - 24, -2*f + h*n = -1 + 3. Is f/(-10) - 2502/(-30) a prime number?
True
Let o(j) = -18*j - 2 - 2 + 14*j + 0. Let x be o(-1). Suppose x = z - 2*z + 337. Is z a composite number?
False
Suppose -4*v + 10 - 2 = 0. Suppose 3*t - 15305 = -6*p + v*p, -p + t = -3828. Is p a composite number?
True
Suppose 61 = -21*k + 166. Suppose -y - 3*z = -1628, -7*z - 8176 = -k*y - 10*z. Is y composite?
False
Suppose f - 5*v - 37531 = -4647, -f + 32892 = -3*v. Suppose f = 7*w + w. Let l = w - 1942. Is l a prime number?
False
Let m(h) = 73*h**2 - 8*h - 15. Let o be m(-3). Let q = 1 + -1. Suppose 6*g - o = -q*g. Is g prime?
False
Let v = 440 + -438. Let d(i) = 1318*i**3 + 4*i**2 - 10*i + 7. Is d(v) composite?
True
Let k be (-3)/(-2)*(-4)/(-3). Let s = 8835 + -8833. Suppose 4*i - s*f - 8322 = -f, i = -k*f + 2085. Is i prime?
True
Suppose 3*h - 4*h = -4*h. Suppose -4*q - 14 - 10 = h. Is -2 + (-2310)/(-9) - (-4)/q a prime number?
False
Let i(y) = -y**3 + 11*y**2 + 7*y - 8. Suppose 0 = o + 3*o - 36. Let m be i(o). Suppose 2*a = 5*l + 93, 0 = 5*a - 2*l + 37 - m. Is a a prime number?
False
Let l(i) = 5*i + 12. Let p be l(-2). Suppose -21*c + f + 900 = -17*c, -5*c = p*f - 1138. Is c a prime number?
False
Let f be -1514*((-9)/6 + (-132)/8). Suppose 5*h - f + 6903 = -4*z, -z - 20369 = -5*h. Is h a prime number?
True
Suppose 0 = -2*h - 11*a + 14*a + 47323, -118311 = -5*h + 4*a. Is h a composite number?
False
Let x(c) = -406*c**2 + 2*c - 3. Let w be x(1). Is w/((4 - 0) + -5) composite?
True
Suppose -38*i - 206415 = -48*i + 234125. Is i prime?
False
Let d = -5189 + 336892. Is d composite?
True
Suppose 0 = -5*v - 0*v + 4*x - 10, 0 = 2*x - 10. Suppose v*q = -5*m + 27899, -27885 = -5*m + 2*q + 3*q. Is m a composite number?
True
Let f(r) = r**3 + 5*r**2. Let n be f(-5). Let t be (0 - 1) + n + 2 - -4. Suppose -i = -5*w + 330, t*w - w - 2*i - 270 = 0. Is w prime?
False
Suppose 7891 + 1327 = 2*x. Suppose 4*u + c - x = 0, -3*u - 5*c + 5590 = 2112. Is u a composite number?
False
Suppose 0 = 53*g - 1193093 + 209784. Is g a composite number?
False
Suppose -3*l = n + 4046, 3*l + l = -12. Let a = n - -8026. Is a a composite number?
False
Is 25 + -30 - 8/2*-1261 prime?
True
Suppose -4*h = -22*f + 20*f - 490764, 5*h - 613455 = 3*f. Is h a prime number?
False
Suppose 2267629 + 9790268 = 78*x - 21478905. Is x a prime number?
False
Let q = 27 + -23. Suppose 15 = q*w - 1. Is -2*58/(-8)*w prime?
False
Suppose 0 = m - 3*m + 4*o - 38, 20 = -5*o. Is (-102189)/m - 4/(-18) prime?
False
Let c be -267 + (-9)/(7 + -4). Let k = c + 695. Suppose -2*g - 3*g = -k. Is g composite?
True
Is 114 - -190755 - 1*-2 a composite number?
False
Let d(x) = -276*x + 43. Let p be 2/(7 - 1) - 68/6. Is d(p) prime?
True
Suppose -4 = -3*s + 11. Suppose -6*p = -4*p + 2, 4*p - 4186 = -2*w. Suppose 18320 + w = s*k. Is k prime?
False
Suppose 0 = a + 5*a - 25248. Let x(d) = d**3 + 6*d**2 - 5*d - 6. Let t be x(-6). Is (a/t)/(2/9) composite?
True
Let d(r) = r**2 + 11*r. Let i be d(-11). Suppose 2*t + 3*w - 11 = i, -4*w = w - 5. Suppose -k - t*q + 23 = 0, 5*q - 90 = -k - 2*k. Is k prime?
False
Let g = -15 - -24. Let b be (20/(-6) + 0)*g/(-6). Suppose -5*w = -x + 1515 + 38, -3*w = b*x - 7821. Is x a composite number?
True
Let n(b) = 463*b**2 - 8*b - 649. Is n(20) prime?
False
Let l(n) = -140*n + 13. Let c(u) = -u - 2. Let b(h) = -4*c(h) - l(h). Is b(6) composite?
False
Suppose 13*a = 1801 + 12668. Let n = 38 + a. Is n a composite number?
False
Let i be (-6)/(((-6)/10)/((-8)/(-20))). Suppose 5*u + 3 = -17, i*o = -3*u. Suppose -o*s + 502 = -s. Is s composite?
False
Let u(k) = 1053*k - 3. Let c be u(1). Let g(p) = -5*p + 20. Let f be g(4). Suppose c = j - f*y - y, -j = y - 1048. Is j prime?
True
Suppose 4 = 2*i - s, s - 6 - 2 = -i. Let f be (-2)/i - (-285)/10. Suppose 0 = 4*r - 32 - f. Is r composite?
True
Is (-2)/4 - (14 - 521733/6) composite?
True
Let l(z) = 6*z**3 - 10*z**2 + 9*z - 13. Let i be l(7). Suppose -i = 2*p - 4*p. Is p a prime number?
True
Is (29/22 - 100/(-550))/((-3)/(-74434)) composite?
False
Let n = 79872 - 39151. Is n composite?
True
Suppose 4*j + 1668519 + 1470629 = 2*c, 0 = -5*j + 10. Is c a composite number?
True
Suppose -5*s = 2*p - 0*p - 5, 4*s = -3*p + 4. Suppose p = -b + 2*b - 4. Suppose -b*i = -152 - 356. Is i a composite number?
False
Suppose -4 + 7 = j. Suppose -2*q = -4, -j*i - q - 29 = -88. Suppose 2661 = i*n - 16*n. Is n a composite number?
False
Suppose 4*t + 6*m = 2*m + 32, 4*t - 20 = -m. Suppose w + 282 = 3*j + 6001, -2*w + t*j + 11436 = 0. Let i = w + -3465. Is i composite?
False
Let q be 1/(-4 + -2) - (-109)/6. Let y be -2 + 4 + q/(-9). Suppose 3*p - 2*j - 218 - 27 = y, -j = -4*p + 330. Is p prime?
True
Let c(n) = 4*n**3 + 27*n**2 + 29*n + 29. Let u(t) = -11*t**3 - 80*t**2 - 87*t - 87. Let a(j) = -8*c(j) - 3*u(j). Let m be a(-22